101101?
1111101101
In base 16, what is 0 - -a0?
a0
In base 6, what is 2 + -112?
-110
In base 10, what is 9540 + 0?
9540
In base 7, what is -1160 - 3?
-1163
In base 4, what is -11121 + 110?
-11011
In base 6, what is 23 + 0?
23
In base 5, what is -1040 - -2?
-1033
In base 6, what is -23101 + -1?
-23102
In base 10, what is -90 + -5?
-95
In base 8, what is -5755 - -4?
-5751
In base 7, what is -3424 + 3?
-3421
In base 13, what is b7 - 5?
b2
In base 13, what is 118 - -45?
160
In base 13, what is -1 - 54?
-55
In base 16, what is -4 - -5a?
56
In base 11, what is -30 - 11?
-41
In base 8, what is -4 + -654?
-660
In base 7, what is -56 - 1?
-60
In base 14, what is 2 + 85?
87
In base 16, what is d + -e?
-1
In base 9, what is -172 - -68?
-103
In base 14, what is 123b - 3?
1238
In base 2, what is 101 - -1111?
10100
In base 14, what is 10 + 1b?
2b
In base 9, what is -6 - 31?
-37
In base 2, what is -1011 + 111?
-100
In base 13, what is -b8 - -8?
-b0
In base 4, what is -1321 - 0?
-1321
In base 12, what is 6b + -5?
66
In base 10, what is -70 - -2?
-68
In base 8, what is -41 - -242?
201
In base 7, what is -263 + -25?
-321
In base 16, what is -12 - 57?
-69
In base 5, what is -102 - -10?
-42
In base 15, what is -3 + 632?
62e
In base 12, what is -2 - -7a?
78
In base 4, what is -231 + 33?
-132
In base 8, what is 5 - -557?
564
In base 7, what is -1225 - 4?
-1232
In base 13, what is 10 + 23?
33
In base 12, what is 1001 + 5?
1006
In base 12, what is 1 + 298?
299
In base 7, what is 0 - -103?
103
In base 7, what is -1 - 2315?
-2316
In base 15, what is -68b + 0?
-68b
In base 8, what is -1 + -2072?
-2073
In base 8, what is 26 + 30?
56
In base 15, what is 8 + -6c?
-64
In base 15, what is -32d + 0?
-32d
In base 6, what is -24 - -15?
-5
In base 16, what is 0 + -32?
-32
In base 4, what is -11 + 1123?
1112
In base 4, what is 13 + -332321?
-332302
In base 2, what is -1101100111 - 101?
-1101101100
In base 10, what is 765 + -2?
763
In base 15, what is -16 + 1c7?
1b1
In base 9, what is 200 - 35?
154
In base 15, what is 49 - -2a5?
2ee
In base 14, what is -2 - -975?
973
In base 12, what is -129 + -5?
-132
In base 9, what is 0 - -43?
43
In base 14, what is 10a8b + 2?
10a8d
In base 3, what is -10 + 11?
1
In base 5, what is -2 + 4100?
4043
In base 10, what is -316 + -7?
-323
In base 13, what is -11 + -10?
-21
In base 9, what is 3 + 283?
286
In base 13, what is -5 - 5b?
-63
In base 3, what is -22111100 - -2?
-22111021
In base 14, what is -15 + -7?
-1c
In base 3, what is 10 + -202102?
-202022
In base 5, what is -133 - -10?
-123
In base 4, what is 13332 + -23?
13303
In base 3, what is -1111111 + 2?
-1111102
In base 8, what is 410 + -23?
365
In base 5, what is -323 + 23?
-300
In base 9, what is -35 - 1?
-36
In base 16, what is -2 - 6f?
-71
In base 4, what is 31 + 1213?
1310
In base 8, what is 76 + 36?
134
In base 16, what is 4c5 - -1?
4c6
In base 15, what is 6c + 5?
72
In base 10, what is 440 - -1?
441
In base 2, what is 101 + 110101001?
110101110
In base 10, what is 3 + -3459?
-3456
In base 2, what is 10001 + 1100111?
1111000
In base 15, what is 4 - 39e?
-39a
In base 5, what is 43 - 21?
22
In base 13, what is 4 - 18?
-14
In base 16, what is f - -16e?
17d
In base 14, what is -5 - -6?
1
In base 9, what is 0 - 16?
-16
In base 12, what is -3 + 68?
65
In base 15, what is 8 - 2?
6
In base 6, what is -424 - -110?
-314
In base 14, what is -2 - -2b?
29
In base 4, what is -11 - -21212?
21201
In base 10, what is 5 - -34?
39
In base 13, what is 3 + 49?
4c
In base 8, what is -4 + -2473?
-2477
In base 14, what is 24a - -8?
254
In base 14, what is 30b - 5?
306
In base 7, what is -120 + 50?
-40
In base 3, what is -200120 - 11?
-200201
In base 7, what is -10134 + -3?
-10140
In base 2, what is -100110111 + 11?
-100110100
In base 6, what is 54 - 10?
44
In base 16, what is 21 + -ed?
-cc
In base 8, what is 3 + -525?
-522
In base 5, what is 213 - -1224?
1442
In base 2, what is 0 - 110101001?
-110101001
In base 5, what is 1331 + 3?
1334
In base 16, what is 2 + -45?
-43
In base 2, what is 1100100 + 1?
1100101
In base 11, what is -85 + -5?
-8a
In base 13, what is 10 + 124?
134
In base 7, what is 0 - -11652?
11652
In base 8, what is 13113 - 3?
13110
In base 5, what is -22203 + -1?
-22204
In base 16, what is 131 - -3?
134
In base 9, what is -2 - -1150?
1147
In base 10, what is 3 + 607?
610
In base 10, what is 2 + 29?
31
In base 11, what is -22 - -96?
74
In base 16, what is 25 + 5?
2a
In base 9, what is -8 - 2136?
-2145
In base 13, what is -cb + 3?
-c8
In base 16, what is -3f6 - 2?
-3f8
In base 4, what is 2321222 + -10?
2321212
In base 8, what is -54 + 353?
277
In base 12, what is -28 - -11?
-17
In base 15, what is 2d + -2?
2b
In base 5, what is 2 + -412?
-410
In base 8, what is -122 - 3?
-125
In base 9, what is 5 + 33?
38
In base 2, what is -1100 + -1?
-1101
In base 5, what is -242 - 10?
-302
In base 6, what is 24 + -10?
14
In base 2, what is -100 - -101011000?
101010100
In base 8, what is 4 + 612?
616
In base 4, what is -23110 + 0?
-23110
In base 13, what is -c - 9?
-18
In base 4, what is -12 + 22012?
22000
In base 2, what is 11 - -101101100?
101101111
In base 4, what is -2 + 113?
111
In base 9, what is -2 + 3516?
3514
In base 9, what is -534 - -5?
-528
In base 5, what is 4 - 13210?
-13201
In base 15, what is 62 - 5?
5c
In base 10, what is -9 + -938?
-947
In base 16, what is -1 + -3f?
-40
In base 10, what is 169 + -7?
162
In base 2, what is -1000 - -1000101?
111101
In base 11, what is 38 - -3?
40
In base 8, what is 7 - -67?
76
In base 2, what is 1111010 - 1?
1111001
In base 2, what is -11001001000 + 0?
-11001001000
In base 3, what is 22000 + -210?
21020
In base 8, what is 67 + 2?
71
In base 4, what is -1 + -10032?
-10033
In base 4, what is -320 + -13?
-333
In base 2, what is -11101101 + 110?
-11100111
In base 13, what is -1a - 22?
-3c
In base 5, what is 0 + 303?
303
In base 4, what is 1232 + 112?
2010
In base 16, what is 78 - 3b?
3d
In base 11, what is -a093 + 1?
-a092
In base 3, what is -2110001 + 2?
-2102222
In base 8, what is -1 - -160?
157
In base 11, what is 5 + 65?
6a
In base 3, what is -12 - 10200122?
-10200211
In base 12, what is -1 + 30aa?
30a9
In base 9, what is 3332 + -3?
3328
In base 13, what is 5 + 15?
1a
In base 16, what is -2 - 62?
-64
In base 14, what is 1c - 17d?
-161
In base 3, what is -101 - -111?
10
In base 9, what is 5 - 763?
-757
In base 15, what is 1e57 - 4?
1e53
In base 3, what is 2221122 + 22?
2221221
In base 2, what is -11 - -10110?
10011
In base 3, what is 212 + -120211?
-112222
In base 7, what is 3340 + -2?
3335
In base 6, what is 1 - 1510?
-1505
In base 6, what is 143 + -41?
102
In base 9, what is 71 + 4?
75
In base 6, what is 335 - -5?
344
In base 14, what is -5a - b?
-67
In base 8, what is -1524 + -3?
-1527
In base 4, what is 1 - 133012?
-133011
In base 6, what is -243 + -11?
-254
In base 4, what is -3 - -2313?
2310
In base 13, what is -47 + -ab?
-125
In base 13, what is 0 + ab?
ab
In base 7, what is -6 + -146?
-155
In base 9, what is -2 - 451?
-453
In base 16, what is 1 + -25?
-24
In base 12, what is -7ba1 + 1?
-7ba0
In base 2, what is -1 + 1010100?
1010011
In base 3, what is 1101020 - 22?
1100221
In base 11, what is -2 + 10?
9
In base 9, what is 0 - 14523?
-14523
In base 16, what is -57 + -1?
-58
In base 15, what is 11 + -3c?
-2b
In base 12, what is 173 - 0?
173
In base 11, what is -308 - 1?
-309
In base 8, what is -3 + 571?
566
In base 14, what is 28 + 25?
4d
In base 16, what is f4 - -18?
10c
In base 13, what is 5 - 88?
-83
In base 14, what is -a9 - -10?
-99
In base 9, what is -3 + -45?
-48
In base 3, what is 212012 + -11?
212001
In base 4, what is -10 + 230?
220
In base 12, what is -185a - -2?
-1858
In base 13, what is -129 - -1?
-128
In base 12, what is 549 + 3?
550
In base 15, what is -2 - 1ea?
-1ec
In base 4, what is -3230 + -2?
-3232
In base 8, what is 6 + -4?
2
In base 4, what is -11 - 1321?
-1332
In base 8, what is -11 - -120?
107
In base 6, what is 0 + 2?
2
In base 10, what is -35 - 228?
-263
In base 4, what is -22032 - 2?
-22100
In base 12, what is -139 + -1?
-13a
In base 15, what is 82a + 1?
82b
In base 12, what is 43 - 7?
38
In base 8, what is -44 + -130?
-174
In base 14, what is -2 + -8?
-a
In base 13, what is 25 + ab?
103
In base 9, what is 1041 + 1?
1042
In base 